 is the remainder when x is divided by (-1)/(-4) + 7/4?
0
Let s = 1479 - 959. What is the remainder when s is divided by 131?
127
Let g = -472 + 477. What is the remainder when 111 is divided by g?
1
Suppose 0 = 2*p + 5*l - 5, 2*p - 5*l + 4*l = 11. Suppose 0 = -0*a + 2*a - 3*d - 102, 16 = -4*d. Calculate the remainder when p is divided by (-8)/5*a/(-18).
1
Calculate the remainder when 2/(-22) - ((-4365)/99 - -1) is divided by 28.
15
Suppose -23*q + 195 = -1001. What is the remainder when 310 is divided by q?
50
Suppose -8*d + 490 + 486 = 0. Calculate the remainder when d is divided by 32.
26
Calculate the remainder when 756 is divided by 12/(-66) + 1845/165.
8
Let i(t) = -t**2 - t. Let b(f) = -3*f**2 + 11*f + 16. Let m(w) = -b(w) + 4*i(w). What is the remainder when m(-9) is divided by 14?
10
Suppose 0 = -17*i + 144 + 128. Calculate the remainder when i is divided by 4.
0
Let n = -13 + 30. Let b(p) = 10*p + 53. Calculate the remainder when b(-2) is divided by n.
16
Suppose -2*p = -4*v - 0*v - 22, -3*p - 3*v = -42. Calculate the remainder when 20 is divided by p.
7
What is the remainder when 747 is divided by 23/((-161)/(-84)) + 5?
16
Suppose -6*p + 2*p + 72 = 0. Suppose 5*w = 8 + 27. Suppose 5*z + w*z = 624. Calculate the remainder when z is divided by p.
16
Let k = -158 - -194. Calculate the remainder when 107 is divided by k.
35
Suppose 0 = l + 5. Let r(p) = p**3 + 6*p**2 - p - 3. Let i(z) = 12*z + 440. What is the remainder when i(-30) is divided by r(l)?
26
Let q be (-2 - -7)*(-8)/(-2). Suppose -j - 8 = -q. Suppose -8*k + 125 = 4*a - 5*k, 0 = -5*a - 4*k + 155. Calculate the remainder when a is divided by j.
11
What is the remainder when 136 is divided by ((-98)/(4 + -11))/1?
10
Suppose -4*i - 175 = -3*v, -77*v = -73*v - i - 242. Calculate the remainder when v is divided by 41.
20
Let y = 198 + -133. Let p = 72 - y. What is the remainder when 27 is divided by p?
6
Let i = -3 + 11. Let q = 22 - 32. Let b = q + 25. What is the remainder when b is divided by i?
7
Calculate the remainder when 4/6*(-2 - 25/(-2)) is divided by 2.
1
Suppose 23*z - 26*z + 672 = 0. Suppose 0 = -3*u + z + 64. What is the remainder when u is divided by 25?
21
Let n(j) = -j**2 + 23*j - 33. Let h = -3 + 11. What is the remainder when n(19) is divided by h?
3
Let b be (-26)/(-6) + 6/(-18). Suppose b*x + 69 = 225. Suppose 0 = 2*i + i - x. What is the remainder when 37 is divided by i?
11
Suppose -s - 245 = -6*s - d, 2*s - d = 91. Suppose 0 = 5*c + l - 2*l + 194, c + 34 = 5*l. What is the remainder when s is divided by -3 + 1/((-3)/c)?
8
Suppose -4040 = -68*i + 1468. Calculate the remainder when i is divided by 22.
15
Let n = 47 - 4. Let w(y) = y**3 + y + 11. Calculate the remainder when n is divided by w(0).
10
Suppose -4*u = 3 + 5. Let r(x) = 5*x**3 - 6*x - 7. Let k(m) = -4*m**3 + 5*m + 6. Let n(j) = -6*k(j) - 5*r(j). What is the remainder when 25 is divided by n(u)?
4
Suppose -8*q = -21*q + 624. Calculate the remainder when q is divided by 25.
23
Suppose -5*z + j + 2015 = 0, -3*z - 5*j + 770 = -467. Calculate the remainder when z is divided by 81.
80
Suppose -5976 + 1031 = -23*j. Calculate the remainder when j is divided by 28.
19
Let s = 394 + -355. What is the remainder when 973 is divided by s?
37
Let u = -24 + 46. Suppose 0 = -t + 41 + 1. What is the remainder when t is divided by u?
20
Suppose p = -3*p + 8. Suppose -p*x + 6 = 2*r - x, -3 = -r + x. What is the remainder when 4/r*1581/34 is divided by 21?
20
Let z = 153 + -33. Calculate the remainder when 24/z + 838/10 is divided by 17.
16
Let s = -113 + 121. Suppose -s*q + 4*q - 416 = -4*n, 5*n + 3*q = 504. Calculate the remainder when n is divided by 15.
12
Let v(w) = 6*w + 5*w**3 + 5*w**2 - 4*w**3 + 4 - 3*w**3 + w**3. Let h be v(6). Suppose 0 = -h*b + 359 - 95. Calculate the remainder when b is divided by 14.
10
Let c(i) = -2*i**2 - 14*i + 2. Let t(b) = 6*b**2 + 41*b - 5. Let j(v) = 8*c(v) + 3*t(v). Calculate the remainder when j(-10) is divided by 23.
22
Suppose 0*r + b = -4*r - 15, 4*b = -5*r - 27. What is the remainder when -13*((2 - 0) + r) is divided by 8?
5
Let m(v) = -v - 22. Let j be m(14). Let l = j - -48. Calculate the remainder when 45 is divided by l.
9
Suppose a - 2*a + 5*w + 25 = 0, -25 = 4*a + 5*w. Suppose -5*b + 2*l + a*l = -100, 3*b - 4*l - 60 = 0. Calculate the remainder when b is divided by 6.
2
Let k = -667 + 691. Calculate the remainder when k is divided by 14.
10
Let d(i) = -i**2 - 17*i + 13. Let a = -107 + 91. Calculate the remainder when d(a) is divided by 10.
9
Let r(m) = 3*m + 13. Let b be r(-6). What is the remainder when 35 is divided by 7 - (5/b - 1)?
8
Suppose 255 = -11*l - 262. Suppose 0 = -y + 2 - 29. Let z = y - l. Calculate the remainder when z is divided by 12.
8
Let p(w) = -2*w**2 + 16*w - 16. Let i be p(7). Let d = 53 + -92. Calculate the remainder when 4 - d/(5 + i) is divided by 6.
5
Let a(o) be the second derivative of -o**4/12 - 13*o**3/6 + 8*o**2 + 7*o. Let f(r) = -r + 5. What is the remainder when f(3) is divided by a(-14)?
0
Let c = 112 + -93. Suppose c*v - 324 = v. Calculate the remainder when 122 is divided by v.
14
Let a(y) = 4*y + 16. Let k be a(-3). Suppose -k*n + 5*m = -26, 0 = n + m - 3*m - 8. Calculate the remainder when (-54)/(-8) - (-1)/4 is divided by n.
3
Suppose -2*h - 3*j = -2*j - 159, -j - 3 = 0. Let x = 93 - h. Calculate the remainder when 30 is divided by x.
6
Let i = -378 - -587. What is the remainder when i is divided by 10?
9
Suppose 3*j = 5*x - 305, x + 3*j - 244 = -3*x. Let u = 88 - x. Calculate the remainder when u is divided by 16.
11
Calculate the remainder when 308/(-24)*(6 - 12) is divided by 12.
5
Suppose 4*d + 4 = -3*k, k - 2*d - 2 = -0. Suppose k = 4*s - 36 + 8. Suppose -5*v + v = m + 3, 0 = 5*m - 5*v - 35. What is the remainder when s is divided by m?
2
What is the remainder when -19 + -11 + 20 - -143 is divided by 45?
43
Let g = 676 + -525. Calculate the remainder when g is divided by 38.
37
Suppose 118*h = 111*h + 343. What is the remainder when h is divided by 2?
1
Suppose 4*k - 8 + 75 = 5*d, 4*d - k = 47. What is the remainder when 95 is divided by d?
7
Let m = 126 + -63. Suppose 0 = 2*k - 149 - 85. Suppose 4*i = 5*l + k, 4*i + 4*l - 23 = 121. Calculate the remainder when m is divided by i.
30
Let s(x) = 4*x**2 + 97*x + 267. Suppose q - 2*q = -5, -3*q = 5*r - 100. What is the remainder when r is divided by s(-3)?
5
Suppose -2*c + 2*m - 2 = m, 2*c + 3*m = 6. Suppose c = 3*u + 3*u - 72. What is the remainder when 47 is divided by u?
11
Let s(o) = -o**3 - 15*o**2 - 16*o - 4. Suppose 0 = -0*m + 9*m + 126. Let f be s(m). What is the remainder when (21 - f)/(6/(-14)) is divided by 5?
2
Let u(l) = -131*l - 2. Let x be u(-1). Suppose 2*s = 2*q + s - x, 0 = -3*q + 3*s + 201. What is the remainder when q is divided by 13?
10
Let q(a) = -47*a - 473. Calculate the remainder when 44 is divided by q(-11).
0
Let l be (-10)/(-4)*(-16)/(-20). Suppose 16 = -4*a, 0 = 4*v - 3*a - a + 8. What is the remainder when (v + 5)/(l/(-134)) is divided by 34?
33
Let b(r) = 227*r**3 - 4*r + 4. What is the remainder when 460 is divided by b(1)?
6
Suppose -2*q - 3*k - 9 = -2*k, -q + k = 3. Calculate the remainder when (q + 2 - -3) + 17 is divided by 7.
4
Let r be ((-13)/4)/(12/48). Suppose 0 = 2*w + 3*w - 125. Let i = w + r. Calculate the remainder when 44 is divided by i.
8
Let f(u) = -u**2 - 21*u - 38. Calculate the remainder when 895 is divided by f(-17).
25
What is the remainder when (-2)/(96/200 - 1/2) is divided by 11?
1
Suppose -32 = -v + 2*k, -5*v + 3*k = -k - 142. Let o be 1 + -1 - ((-8 - -3) + 4). What is the remainder when 6*(45/6 + o) is divided by v?
25
Suppose 0 = -54*z + 70965 - 23877. Calculate the remainder when z is divided by 436.
0
Let c = -97 + 117. Calculate the remainder when 218 is divided by c.
18
Let t(x) = x + 7. Let y be t(-4). Suppose y*q - 61 = -g, g + 0*g = 3*q - 53. What is the remainder when 72 is divided by q?
15
Suppose -48 = f - 5*f. Let o = -127 - -181. What is the remainder when o is divided by f?
6
Let r = -44 + 40. What is the remainder when -190*(1/r)/((-11)/(-22)) is divided by 25?
20
Let s = -18 - -17. What is the remainder when -15*5/(25/(-2)) is divided by s*(-2)/2*2?
0
Suppose -3*x + 14 = 4*z + 2*x, x - 4 = -z. Let b =